{"id":326,"date":"2016-11-01T19:59:14","date_gmt":"2016-11-01T18:59:14","guid":{"rendered":"http:\/\/tb-andernach.de\/WPS\/?page_id=326"},"modified":"2024-03-20T08:11:35","modified_gmt":"2024-03-20T07:11:35","slug":"cross-training-functional-fitness","status":"publish","type":"page","link":"https:\/\/tb-andernach.de\/WPS\/?page_id=326","title":{"rendered":"Cross-Training \/ Functional Fitness"},"content":{"rendered":"\t\t<div data-elementor-type=\"wp-page\" data-elementor-id=\"326\" class=\"elementor elementor-326\">\n\t\t\t\t\t\t<section class=\"elementor-section elementor-top-section elementor-element elementor-element-70027072 elementor-section-boxed elementor-section-height-default elementor-section-height-default\" data-id=\"70027072\" data-element_type=\"section\">\n\t\t\t\t\t\t<div class=\"elementor-container elementor-column-gap-default\">\n\t\t\t\t\t<div class=\"elementor-column elementor-col-100 elementor-top-column elementor-element elementor-element-7166b612\" data-id=\"7166b612\" data-element_type=\"column\">\n\t\t\t<div class=\"elementor-widget-wrap elementor-element-populated\">\n\t\t\t\t\t\t<div class=\"elementor-element elementor-element-d707c40 elementor-widget elementor-widget-heading\" data-id=\"d707c40\" data-element_type=\"widget\" data-widget_type=\"heading.default\">\n\t\t\t\t<div class=\"elementor-widget-container\">\n\t\t\t\t\t<h2 class=\"elementor-heading-title elementor-size-default\">Cross-Training \/ Functional Fitness<\/h2>\t\t\t\t<\/div>\n\t\t\t\t<\/div>\n\t\t\t\t<div class=\"elementor-element elementor-element-658a9015 elementor-widget elementor-widget-text-editor\" data-id=\"658a9015\" data-element_type=\"widget\" data-widget_type=\"text-editor.default\">\n\t\t\t\t<div class=\"elementor-widget-container\">\n\t\t\t\t\t\t\t\t\t<p><img decoding=\"async\" class=\"size-full wp-image-55 alignleft\" src=\"https:\/\/tb-andernach.de\/WPS\/wp-content\/uploads\/2016\/11\/crosstrain2016.jpg\" alt=\"crosstrain2016\" width=\"150\" height=\"150\">Der Turner-Bund 1867 e.V. bietet ab 08. April&nbsp; 2024 einen neuen Kurs \u201eCross-Training \/ Functional Fitness\u201c unter der Kursleitung von Herrn Ben Schuh an.<br>Im Kurs erwartet Sie ein anspruchsvolles Ganzk\u00f6rpertraining.<br>Wir gehen gemeinsam an Ihre individuelle Belastungsgrenze und heben diese von Woche zu Woche ein St\u00fcck an.<\/p>\n<p>Hierbei beschr\u00e4nken wir uns auf einige wenige Hilfsmittel, wie z. B. Medizinb\u00e4lle oder Springseile, um Ihnen das Fortf\u00fchren der \u00dcbungen auch zuhause zu erm\u00f6glichen.<\/p>\n<p>Gemeinsam erzielen wir Verbesserungen in allen Bereichen wie Schnellkraft, Maximalkraft, Kraftausdauer, Beweglichkeit und nicht zuletzt eine verbesserte Koordination.<\/p>\n<p>Der Kurs findet jeweils montags um 20.00 Uhr in der <a href=\"https:\/\/tb-andernach.de\/WPS\/?page_id=2622\">Beethovenhalle in Andernach<\/a> statt und setzt eine&nbsp;<span style=\"color: var( --e-global-color-text ); font-family: var( --e-global-typography-text-font-family ), Sans-serif; font-weight: var( --e-global-typography-text-font-weight ); font-style: inherit; text-transform: inherit;\">bereits<\/span><span style=\"color: var( --e-global-color-text ); font-family: var( --e-global-typography-text-font-family ), Sans-serif; font-weight: var( --e-global-typography-text-font-weight ); font-style: inherit; text-transform: inherit;\">&nbsp;<\/span><span style=\"color: var( --e-global-color-text ); font-family: var( --e-global-typography-text-font-family ), Sans-serif; font-weight: var( --e-global-typography-text-font-weight ); font-style: inherit; text-transform: inherit;\">vorhandene Grundfitness und einen belastbaren k\u00f6rperlichen Zustand voraus.&nbsp;<\/span><\/p>\n<p>F\u00fcr weitere Ausk\u00fcnfte bzw. Anmeldungen wenden sich Interessierte bitte an den Turner-Bund 1867 e.V. Andernach,<br>Tel. 0 26 32\/4 62 63.<\/p>\n<p>0<\/p>\t\t\t\t\t\t\t\t<\/div>\n\t\t\t\t<\/div>\n\t\t\t\t\t<\/div>\n\t\t<\/div>\n\t\t\t\t\t<\/div>\n\t\t<\/section>\n\t\t\t\t<\/div>\n\t\t","protected":false},"excerpt":{"rendered":"<p>Cross-Training \/ Functional Fitness Der Turner-Bund 1867 e.V. bietet ab 08. April&nbsp; 2024 einen neuen Kurs \u201eCross-Training \/ Functional Fitness\u201c unter der Kursleitung von Herrn Ben Schuh an.Im Kurs erwartet Sie ein anspruchsvolles Ganzk\u00f6rpertraining.Wir gehen gemeinsam an Ihre individuelle Belastungsgrenze und heben diese von Woche zu Woche ein St\u00fcck an. Hierbei beschr\u00e4nken wir uns auf [&hellip;]<\/p>\n","protected":false},"author":1,"featured_media":0,"parent":10,"menu_order":0,"comment_status":"closed","ping_status":"closed","template":"","meta":{"footnotes":""},"class_list":["post-326","page","type-page","status-publish","hentry"],"_links":{"self":[{"href":"https:\/\/tb-andernach.de\/WPS\/index.php?rest_route=\/wp\/v2\/pages\/326","targetHints":{"allow":["GET"]}}],"collection":[{"href":"https:\/\/tb-andernach.de\/WPS\/index.php?rest_route=\/wp\/v2\/pages"}],"about":[{"href":"https:\/\/tb-andernach.de\/WPS\/index.php?rest_route=\/wp\/v2\/types\/page"}],"author":[{"embeddable":true,"href":"https:\/\/tb-andernach.de\/WPS\/index.php?rest_route=\/wp\/v2\/users\/1"}],"replies":[{"embeddable":true,"href":"https:\/\/tb-andernach.de\/WPS\/index.php?rest_route=%2Fwp%2Fv2%2Fcomments&post=326"}],"version-history":[{"count":10,"href":"https:\/\/tb-andernach.de\/WPS\/index.php?rest_route=\/wp\/v2\/pages\/326\/revisions"}],"predecessor-version":[{"id":4101,"href":"https:\/\/tb-andernach.de\/WPS\/index.php?rest_route=\/wp\/v2\/pages\/326\/revisions\/4101"}],"up":[{"embeddable":true,"href":"https:\/\/tb-andernach.de\/WPS\/index.php?rest_route=\/wp\/v2\/pages\/10"}],"wp:attachment":[{"href":"https:\/\/tb-andernach.de\/WPS\/index.php?rest_route=%2Fwp%2Fv2%2Fmedia&parent=326"}],"curies":[{"name":"wp","href":"https:\/\/api.w.org\/{rel}","templated":true}]}}

<div data-elementor-type="wp-page" data-elementor-id="326" class="elementor elementor-326">
						<section class="elementor-section elementor-top-section elementor-element elementor-element-70027072 elementor-section-boxed elementor-section-height-default elementor-section-height-default" data-id="70027072" data-element_type="section">
						<div class="elementor-container elementor-column-gap-default">
					<div class="elementor-column elementor-col-100 elementor-top-column elementor-element elementor-element-7166b612" data-id="7166b612" data-element_type="column">
			<div class="elementor-widget-wrap elementor-element-populated">
						<div class="elementor-element elementor-element-d707c40 elementor-widget elementor-widget-heading" data-id="d707c40" data-element_type="widget" data-widget_type="heading.default">
				<div class="elementor-widget-container">
					<h2 class="elementor-heading-title elementor-size-default">Cross-Training / Functional Fitness</h2>				</div>
				</div>
				<div class="elementor-element elementor-element-658a9015 elementor-widget elementor-widget-text-editor" data-id="658a9015" data-element_type="widget" data-widget_type="text-editor.default">
				<div class="elementor-widget-container">
									<p><img decoding="async" class="size-full wp-image-55 alignleft" src="https://tb-andernach.de/WPS/wp-content/uploads/2016/11/crosstrain2016.jpg" alt="crosstrain2016" width="150" height="150">Der Turner-Bund 1867 e.V. bietet ab 08. April&nbsp; 2024 einen neuen Kurs „Cross-Training / Functional Fitness“ unter der Kursleitung von Herrn Ben Schuh an.<br>Im Kurs erwartet Sie ein anspruchsvolles Ganzkörpertraining.<br>Wir gehen gemeinsam an Ihre individuelle Belastungsgrenze und heben diese von Woche zu Woche ein Stück an.</p>
<p>Hierbei beschränken wir uns auf einige wenige Hilfsmittel, wie z. B. Medizinbälle oder Springseile, um Ihnen das Fortführen der Übungen auch zuhause zu ermöglichen.</p>
<p>Gemeinsam erzielen wir Verbesserungen in allen Bereichen wie Schnellkraft, Maximalkraft, Kraftausdauer, Beweglichkeit und nicht zuletzt eine verbesserte Koordination.</p>
<p>Der Kurs findet jeweils montags um 20.00 Uhr in der <a href="https://tb-andernach.de/WPS/?page_id=2622">Beethovenhalle in Andernach</a> statt und setzt eine&nbsp;<span style="color: var( --e-global-color-text ); font-family: var( --e-global-typography-text-font-family ), Sans-serif; font-weight: var( --e-global-typography-text-font-weight ); font-style: inherit; text-transform: inherit;">bereits</span><span style="color: var( --e-global-color-text ); font-family: var( --e-global-typography-text-font-family ), Sans-serif; font-weight: var( --e-global-typography-text-font-weight ); font-style: inherit; text-transform: inherit;">&nbsp;</span><span style="color: var( --e-global-color-text ); font-family: var( --e-global-typography-text-font-family ), Sans-serif; font-weight: var( --e-global-typography-text-font-weight ); font-style: inherit; text-transform: inherit;">vorhandene Grundfitness und einen belastbaren körperlichen Zustand voraus.&nbsp;</span></p>
<p>Für weitere Auskünfte bzw. Anmeldungen wenden sich Interessierte bitte an den Turner-Bund 1867 e.V. Andernach,<br>Tel. 0 26 32/4 62 63.</p>
<p>0</p>								</div>
				</div>
					</div>
		</div>
					</div>
		</section>
				</div>

<p>Cross-Training / Functional Fitness Der Turner-Bund 1867 e.V. bietet ab 08. April&nbsp; 2024 einen neuen Kurs „Cross-Training / Functional Fitness“ unter der Kursleitung von Herrn Ben Schuh an.Im Kurs erwartet Sie ein anspruchsvolles Ganzkörpertraining.Wir gehen gemeinsam an Ihre individuelle Belastungsgrenze und heben diese von Woche zu Woche ein Stück an. Hierbei beschränken wir uns auf [&hellip;]</p>
